Suppose -5*n + 8 = -22. Let f(u) = -5*u - n + u + 3*u. What is the units digit of f(-8)?
2
Let y(k) = 5*k**3 - 2*k**2 + 2*k - 2. Let d be y(2). Let g = d + -20. What is the units digit of g/2 + (-3 - -2)?
6
Let j = -3 + 6. Suppose 4*t = -j*h + 68, -4*t + 11 + 9 = h. What is the units digit of h?
4
Suppose -4*b = -b - 60. What is the tens digit of b?
2
What is the units digit of 1 + 0 - (13 + -12) - -1?
1
Let g(j) = 7*j + 2. What is the units digit of g(1)?
9
Let b(o) = -2*o**3 - 3*o**2 + 2. Let x be b(-2). Suppose 2*g = -0*g + x. Let t = 7 - g. What is the units digit of t?
4
Suppose -3*h + 4*g = -4*h + 135, -3*g = -4*h + 540. What is the units digit of h?
5
Suppose 6 = 2*n - 12. Let j be (-12)/10*(-60)/n. Suppose 0 = 5*z - j - 7. What is the units digit of z?
3
Suppose -m - 2*z = z - 58, 104 = 3*m - 5*z. What is the units digit of m?
3
Let b(m) = 5*m**2 - 2*m + 1. Let o be b(1). Suppose 0 = 5*a + 96 - 341. Suppose s + 14 = -5*p + a, -s = o*p - 27. What is the units digit of p?
8
Suppose 3*f - 654 = 4*d - 113, d = -5*f + 917. What is the units digit of f?
3
Let i(y) be the first derivative of 2*y**3/3 - 3*y**2/2 + 2. What is the units digit of i(3)?
9
What is the units digit of (-1 + 3)/(-1) + 13?
1
Let b(q) = q**3 - q**2 + 1. Let d(j) = -4*j**3 - j**2 - 7*j - 3. Let t be (22/(-8) + 3)*4. Let a(s) = t*d(s) + 5*b(s). What is the units digit of a(7)?
2
Suppose 4*h + j - 570 = 0, 0 = -11*j + 6*j - 10. What is the tens digit of h?
4
Let z be (-6)/(-27) + 4/(-18). Suppose -2*h = 3*h - 2*j - 45, -2*j - 10 = z. What is the units digit of h?
7
Let a(j) = -2*j + 22. Let v(t) = -3*t + 37. Let f(o) = 3*o - 36. Let p(m) = -4*f(m) - 3*v(m). Let q(h) = -7*a(h) + 5*p(h). What is the units digit of q(0)?
1
Let b(z) = 3*z**2 + 13*z + 3. What is the units digit of b(-8)?
1
Suppose 24*b + 286 = 25*b. What is the hundreds digit of b?
2
Suppose f = 2*f - 58. What is the tens digit of f?
5
Let v(p) = -p - 2. Let g be v(-4). Suppose o + 3*m = -3, 45 = 4*o - g*m + 15. Suppose -o*d = 2*b - 2*d - 26, 0 = -2*d. What is the units digit of b?
3
Let j be 4/(-28)*(3 - 10). What is the units digit of -18*2/(j - 3)?
8
Suppose 6*y - 15 = y. Suppose m = 3*r + 16 - 6, y*r + 2*m + 16 = 0. Let a = 0 - r. What is the units digit of a?
4
Let d = 275 + -94. What is the units digit of d?
1
Let d(u) = -18*u**3 + u**2 + u. Let l(b) = b**3 + 9*b**2 - 9*b + 9. Let i be l(-10). What is the units digit of d(i)?
8
Let o(r) = r**3 - 10*r**2 - 11*r + 4. Suppose 0 = 2*n + l - 26, 0 = 2*n + 4*l - 19 - 19. Let c be o(n). Suppose -c*d + 9 = -7. What is the units digit of d?
4
Let g = -22 + 37. Let l = g - 11. Suppose 2*d = l*d - 6. What is the units digit of d?
3
Let y(m) = -18*m. What is the tens digit of y(-2)?
3
Let o(b) = -b - 5. Let a be o(-4). Let u = a - -7. Let i = 8 - u. What is the units digit of i?
2
Suppose 3*q + 8 - 2 = 0. Let m(l) be the third derivative of l**6/120 + l**5/30 - l**4/12 + l**3/6 - l**2. What is the units digit of m(q)?
5
What is the units digit of -2 + (6*4 - 1)?
1
Let m be -1 - (-6 + 0) - 3. Suppose 230 = m*t + 3*t. What is the tens digit of t?
4
Let a = -55 - -87. What is the tens digit of a?
3
Let r(f) = -2*f - 10. Suppose 0*g + 14 = -2*g. Let y be r(g). Suppose -1 - 7 = -y*h. What is the units digit of h?
2
Suppose 4*m = -4*g + 732, -3*m = -2*g - m + 362. What is the hundreds digit of g?
1
Let i(n) = -5 + 1 - 3*n**2 - 7*n + 2*n**2. What is the units digit of i(-4)?
8
Suppose -a = 4*f - 30, 2*a - 77 = -a + f. What is the units digit of a?
6
Let n = 88 - 24. What is the units digit of n?
4
Let s be (3 + -2)/(-1) - -2. Let k(j) = j**2 + 3. Let g be k(0). Let l = g - s. What is the units digit of l?
2
Let o(a) be the first derivative of a**4/4 + 8*a**3/3 + 5*a**2/2 - 2*a - 1. Let r be o(-7). Let s = r - 2. What is the units digit of s?
0
Suppose -p = -0 - 4. Let g = p - 4. Suppose 4*c = -g + 4. What is the units digit of c?
1
Let r = 145 + -72. What is the tens digit of r?
7
Suppose 2*i = -4*r - 24, -3*i - 2*r - 18 = -2. Let h be 28*((-3)/2 - i). Suppose 4 = -x - 2*c - 2, x + 4*c + h = 0. What is the units digit of x?
2
Suppose 5*g - 3*g - 6 = 0. Suppose 0 = -4*s - 0 - 16, 8 = -g*t - 5*s. Let z = -1 + t. What is the units digit of z?
3
Suppose 3*k + 9 = 6*k. What is the units digit of k?
3
Let u(a) = -a**2 - 24*a - 5 + 32*a + 1. Let y be 10/3*9/6. What is the units digit of u(y)?
1
Let q = -9 - -5. What is the units digit of (42/q)/(2/(-4))?
1
Let p(m) = -m**3 + 32*m**2 + 7*m + 40. What is the tens digit of p(32)?
6
Suppose -3*i + 3*l + 294 = 0, 0 = -4*l + 4 - 12. What is the tens digit of i?
9
What is the units digit of (-4)/(-6) - 620/(-15)?
2
Suppose -320 = -11*g + 120. What is the units digit of g?
0
Let t(j) = -j**2 - 2*j - 3. Let w be t(7). What is the tens digit of 1/(-2*3/w)?
1
Suppose 2*m = -3*u - 2*u + 555, 3*m - 555 = -5*u. What is the tens digit of u?
1
Let z(a) = -a**2 + 3*a + 1. Let i be z(-2). Let r = i - -16. What is the units digit of r?
7
Let k(c) = 10*c - 5. What is the units digit of k(8)?
5
Suppose 4*u - 131 = -5*o, -u + 4*o = -0*u - 17. Let v = u + -9. What is the tens digit of v?
2
Let f(u) = -u**3 - 10*u**2 - 10*u - 7. Let k be f(-9). What is the tens digit of ((-48)/9)/(k/(-9))?
2
Let t(k) be the first derivative of -k**4/12 + 5*k**3/6 + k**2 + k - 2. Let w(h) be the first derivative of t(h). What is the units digit of w(4)?
6
Let z(r) = 6*r. Let t be z(1). Suppose 0*a = a. Let g = t + a. What is the units digit of g?
6
Suppose v - 6*v = -15. Suppose -x + 4*l + 11 = l, v = -l. Suppose 0*b - 12 = -x*b. What is the units digit of b?
6
Let n = -69 - -77. What is the units digit of n?
8
Let b = -52 + 95. What is the tens digit of b?
4
Let q = 44 + 11. What is the tens digit of q?
5
Suppose -5*h + 5 = -3*p + 45, p - 28 = 3*h. Let n = h - -24. What is the tens digit of n?
1
Suppose -2*z = 5*j + 7, -2*j + 3 - 19 = 3*z. Let r be ((-12)/z)/((-1)/(-6)). Suppose -3*d - d - u = -15, -u = -5*d + r. What is the units digit of d?
3
Let b(q) = 3*q**3 + q**2 - 2. Let g be b(2). Suppose 2*a = g + 12. What is the units digit of 3/(-9) + a/3?
6
Let r = 3 - 1. Suppose -5*k + 5*g + 10 = 0, r*k - k - 6 = -g. Suppose k = 5*d - 26. What is the units digit of d?
6
Let y be (-4)/(-3)*9/2. Suppose -a + y = a. Suppose -3 = 3*p + a, 15 = r - 2*p. What is the units digit of r?
1
What is the tens digit of 8 + 27 + 1*3/1?
3
Suppose -4*j = -5*f + 17, 0 = j + f - 6*f + 23. Let h(i) = 4*i - 4. Let v(a) = 4*a - 5. Let u(n) = 5*h(n) - 4*v(n). What is the units digit of u(j)?
8
Let f(m) be the first derivative of -m**4/4 + 3*m**3 + 2*m**2 - 12*m + 6. What is the units digit of f(9)?
4
Let v = 12 - 8. Suppose -f = -5*f + v. Suppose f = -6*n + 7*n. What is the units digit of n?
1
What is the units digit of (-560)/(-14) + (-2)/(-2) + -2?
9
Let i(v) = -v**2 + 4*v - 3. Let u be i(3). Suppose -2*q + 21 + 33 = u. What is the units digit of q?
7
What is the units digit of 4 - (4 + (-40)/4)?
0
Let n(x) = -7*x - 7. Let m(i) = 14*i + 13. Let l(v) = 6*m(v) + 11*n(v). What is the units digit of l(1)?
8
Let a(n) = 2*n - 3. Let y be a(3). Suppose 2*f + 0*f - 26 = 4*t, y*f = -2*t + 55. Suppose -5*v - 4*i = -4*v - f, -25 = -5*v - 5*i. What is the units digit of v?
1
Let v(k) = 2*k**3 - 4*k**2 + k + 2. Let b be v(2). Suppose -27 = -5*s + 2*r, -3 + 35 = b*s + r. Let a = s - -3. What is the units digit of a?
0
Suppose k = -k + 38. Let c = k - 4. What is the units digit of c?
5
Suppose 0 = -0*m + m. Suppose -a = -m - 1. What is the units digit of 2 - (a + -2*2)?
5
Let t(g) = 10*g - 5 - g + 1 + 5. What is the tens digit of t(1)?
1
Let w(a) = 52*a**3 - a**2 - a + 2. What is the tens digit of w(1)?
5
Let s(i) = -i - 4. Let r be s(-7). Suppose -r*f = -0*f. Suppose -5*h - 44 + 159 = f. What is the units digit of h?
3
Let v(l) = 5*l - 1. Let p be v(-4). Let a = p + 30. What is the units digit of a?
9
Let y(f) = -2*f**2 + f**3 - 9 - 6*f - 2*f**3 + 11*f**2. What is the units digit of y(8)?
7
Suppose -5*i - 307 = -2107. What is the tens digit of i?
6
Let l = -5 - -4. Let y be (l + -1)*2/(-4). Suppose 16 = 3*u + y. What is the units digit of u?
5
Suppose -2*y = -j + 4*j - 14, 2*y = -5*j + 18. Suppose 5*a = -0*a + 210. Suppose 0 = -3*p + 4*r - 2 + 68, 0 = j*p - 2*r - a. What is the tens digit of p?
1
Let b =